 34 = -50. Let w = x - -37. Let r = w + -3. What is the remainder when r is divided by 8?
5
Let z(i) = 9*i**2 + 4*i + 5. What is the remainder when z(-2) is divided by 9?
6
Let i(w) = 7*w**3 + 2*w**2 + 6*w - 11. Let b(m) = 13*m**3 + 5*m**2 + 11*m - 22. Let y(d) = -6*b(d) + 11*i(d). What is the remainder when y(-8) is divided by 7?
4
Calculate the remainder when (142/4)/(1/(4/2)) is divided by 24.
23
Let z(p) = 7*p**2 - p**2 + 2*p - p**2 + 6*p**2 - 1. Suppose 0*g - 20 = -g. Calculate the remainder when z(-2) is divided by g.
19
Let m(b) = -2 + 1 + 0 - 3*b**3 + 2*b**2. What is the remainder when (-2 - (-17 + 1))/2 is divided by m(-1)?
3
Let w(v) = v**2 + v - 3. Let f(p) = 2*p**2 - 2*p - 1. Let x be f(2). Calculate the remainder when 35 is divided by w(x).
8
Suppose 55 + 17 = 3*r. Suppose q = 5*j - 225, -2*q + q - 41 = -j. What is the remainder when j is divided by r?
22
Suppose -240*n + 405 = -237*n. Calculate the remainder when n is divided by 28.
23
Let m = 38 - 22. Suppose 2*k = y - 3, 0 = 4*y - 5*k - 6. Calculate the remainder when (-182)/(-6) - y/(-3) is divided by m.
14
Let v = 17 + -5. Let t be -26*1*(-3)/6. Let g = t + 8. Calculate the remainder when g is divided by v.
9
Let g(h) = 2*h**2 + 9. Let d be g(8). Suppose -4*w + 3*o = -d, 5*w + 5*o = 2*w + 139. What is the remainder when w is divided by (26/8)/(1/4)?
12
Suppose 4*z + 4*t + 236 = 0, -z + 2*t - 27 = 29. Let o = -40 - z. Let x = -26 - -36. What is the remainder when o is divided by x?
8
Let k(p) = 32*p + 2. What is the remainder when k(2) is divided by 23?
20
Suppose 2*z + 12 + 15 = -3*r, 0 = -5*r + 5. Let p(v) = 12*v + 3. Let s be p(3). Let y = s + z. What is the remainder when y is divided by 13?
11
Let u(z) = -z**3 - 2*z**2 + 2*z + 4. Let m be 3*1/(-2)*2. Let v(w) = w**3 + 6*w**2 + 4*w + 3. What is the remainder when v(-4) is divided by u(m)?
5
Suppose 5*i = -h - 20, 2*h - 9*i + 4*i - 35 = 0. Suppose -45 - 115 = -5*q - 2*g, -h*q + 2*g + 180 = 0. What is the remainder when q is divided by 12?
10
Let k(o) = o**3 + 4*o**2 - 3*o + 6. Let d be k(-5). What is the remainder when 94 is divided by d/(-16)*-6*-16?
22
Let i(h) = h**3 - h**2 - 9*h + 12. Calculate the remainder when i(6) is divided by 71.
67
Let v = 18 - 13. Suppose 0 = -v*l + 3*l + 66. Calculate the remainder when 131 is divided by l.
32
Let g = -21 - -24. Calculate the remainder when 17 is divided by g.
2
Let i(t) = t**2 - t - 5. Let s be -4*(0 + (-111)/12). Suppose f - 2*r = 3 + 10, -5*r - s = -3*f. What is the remainder when i(-5) is divided by f?
7
Let t be 22/8 + 1/4. Suppose 47 = t*o + 2. Calculate the remainder when o is divided by 6.
3
Let c(u) = -u + 6. Suppose 2*h + 2*k = 0, 8*h + 3*k = 3*h. Suppose 5*d - 3*d = h. Calculate the remainder when 10 is divided by c(d).
4
Suppose 80 = 4*r - 2*r. Suppose 3*s = -b, r = 6*b - 3*b + s. Suppose -k - 4*k = -b. Calculate the remainder when 6 is divided by k.
0
Suppose i - 2*t = 30, 3*i - 24 = -2*t + 50. What is the remainder when i is divided by 8?
2
Let h = -38 + 93. Let z = -39 + h. Calculate the remainder when z is divided by (-270)/(-40) - 6/8.
4
Suppose 0 = 10*d - 5*d - 105. What is the remainder when d is divided by (2/4)/(1/24)?
9
Let z = 5 - 3. What is the remainder when (-52)/(-12) - (-8)/(-6) is divided by z?
1
Let z = -4 + 15. Let r(y) = -y**2 + 12*y - 1. What is the remainder when r(z) is divided by 4?
2
Let m(p) = p**2 + 5*p - 3. Suppose -4*g - 30 = g. What is the remainder when 8 is divided by m(g)?
2
Suppose -j - 4*j = -20. Suppose j*r - 90 = -34. Calculate the remainder when r is divided by 8.
6
Let f = 3 - -11. Let h(t) = -t**2 - 9*t - 12. Let w be h(-8). Let l(q) = 3*q**2 + 2*q. Calculate the remainder when l(w) is divided by f.
12
Suppose -3*b + 177 = 30. Let r = -15 + 32. What is the remainder when b is divided by r?
15
Let o = 107 - 94. Let j(d) = -d**3 - 6*d**2 + 6*d - 2. What is the remainder when o is divided by j(-7)?
3
Let l(y) = -y**2 + 5*y - 7. Let s be l(6). Let c = 23 + s. What is the remainder when 26 - -5 - 3*1 is divided by c?
8
Let w be -3 - 0 - (-3 + 2). Let k(l) = -5*l - 11. Let x(j) = -8*j - 16. Let h(p) = -7*k(p) + 5*x(p). Calculate the remainder when h(w) is divided by 4.
3
Suppose k = -5*b + 789, 0*k + 3 = -3*k. What is the remainder when b is divided by 40?
38
Suppose 0 = -2*u + u + 28. What is the remainder when u is divided by 16?
12
Let a(o) = -2*o**2 - 13*o - 15. Calculate the remainder when 11 is divided by a(-4).
1
Let s(o) = o**3 + 7*o**2 + 2*o - 19. What is the remainder when s(-6) is divided by 1?
0
Suppose -3*r + 80 = -25. What is the remainder when r is divided by 19?
16
Let v = -3 + 1. What is the remainder when 21 is divided by (11/v)/((-1)/2)?
10
Let s(q) = -q + 2. Let x(p) = p. Let g(m) = s(m) + 4*x(m). Let a be g(6). Suppose 5*u + a = 85. Calculate the remainder when 37 is divided by u.
11
Suppose -5*q = 4*k - 121, 8*q - 3*q = 2*k - 83. Calculate the remainder when k is divided by 9.
7
Suppose -4*s + 71 + 103 = -5*h, 5*s + h - 232 = 0. What is the remainder when s is divided by 10?
6
Suppose -4*z + 38 = -l, 6*z = 2*z + 4*l + 32. Suppose 8*d = 6*d + z. Calculate the remainder when 13 is divided by d.
3
Let t(q) = 18*q**2. Let z be t(1). Let o = z - 8. Calculate the remainder when (-5)/o - 11/(-2) is divided by 3.
2
Let h(d) = d**2 - 3*d - 7. Let q be (-2)/3 - 120/(-18). Calculate the remainder when 19 is divided by h(q).
8
Suppose 0 = 4*g - g - 12. Let q = -12 - -18. Let c = q + -4. What is the remainder when g is divided by c?
0
Let a = -68 - -36. What is the remainder when 21 is divided by (a/(-10))/(4/10)?
5
Suppose 5*n - 4*n = 8. What is the remainder when 22 is divided by n?
6
What is the remainder when ((-40)/(-6))/(1 - 5/15) is divided by 7?
3
Let g(h) = -h**3 - 6*h**2 + 7. What is the remainder when 26 is divided by g(-6)?
5
Calculate the remainder when 21 is divided by (4/6)/((-2)/(-24)).
5
Let h be (-10)/55 + (-114)/(-22). Suppose h*x + 2 = 2*m + 104, 0 = -4*x + m + 84. Let r = -7 + 19. What is the remainder when x is divided by r?
10
Suppose -3*p = q - 61, -88 = -4*p + q + q. What is the remainder when p is divided by (-1)/(69/24 + -3)?
5
Let s(m) = m**2 + 13*m + 12. Let d(c) = c**2 - 13*c - 1. Let n be d(12). Let t = 81 + -58. Calculate the remainder when t is divided by s(n).
11
Let y(i) = -2*i - 2*i - 3 - 4*i. Let r be -2 + (-1)/(2 - 1). What is the remainder when y(r) is divided by 11?
10
Suppose 5*z = -2*w + 39, 4*w = 2*z + 83 + 7. Let v(u) = u + 5. Let g be v(-4). Let t(j) = 13*j**2 - 1. What is the remainder when w is divided by t(g)?
10
Suppose 48 = -10*s + 13*s. What is the remainder when 62 is divided by s?
14
Suppose 24 = -9*l + 13*l. What is the remainder when 9 is divided by l?
3
Let z be 6/9 - (-25)/3. Suppose 0 = -2*i - z + 45. What is the remainder when 52 is divided by i?
16
Let d = -31 - -69. Suppose 0 = 2*r - 6 - 4. Suppose -j = -2*u - r, -j + 0*j = u - 17. Calculate the remainder when d is divided by j.
12
Suppose -3*r + 90 = 2*r. Suppose -3*n + 2*i + 67 = 0, -n - 2*i = 1 - r. What is the remainder when n is divided by 30/3 - 1/(-1)?
10
Suppose 79 = 5*m - 0*m - 3*i, 3*i = 3*m - 51. What is the remainder when (-88)/6*(-75)/20 is divided by m?
13
Let r = -6 + 10. Suppose 0*v - 3*v - 13 = -2*j, 41 = r*j - 3*v. Calculate the remainder when 55 is divided by j.
13
Let m(v) = 29*v**2 + v + 1. Let x(k) = k + 2. Let d(a) = a**2 - 10*a + 8. Let h be d(10). Calculate the remainder when m(-1) is divided by x(h).
9
Calculate the remainder when 86 is divided by (3 - 2) + 68/(3 + 1).
14
Let w = 23 + -9. Suppose w = -0*t + t. What is the remainder when t is divided by (0 - 3) + 2 + 6?
4
Let v be 0 - (23 + -1 + -1). Let f = -7 - v. What is the remainder when f is divided by (3 - -7)*2/4?
4
Suppose -4*a + 31 = 7. Let c = 9 - a. Suppose 0 = -5*i - 14 - 1, -c*i = 2*l - 17. What is the remainder when 38 is divided by l?
12
Let i be 6/(-24) + 698/8. Suppose -20 = l - i. What is the remainder when l is divided by 17?
16
Suppose -u + 29 = 3*r, 3*u = -3*r + 13 + 26. Calculate the remainder when 11 is divided by r.
3
What is the remainder when 90 - (8/(-4) - -2) is divided by 23?
21
Let n(h) = -3*h**2 - h - 4. Let i be n(-3). Let d = -12 - i. Calculate the remainder when 46 is divided by d.
14
Let z(h) = -h**